(3). What is the units digit of ((-2)/k)/((-12)/(-54))?
3
Let c = -3 - -6. Suppose c - 1 = 2*d. What is the units digit of d?
1
What is the tens digit of (-16)/(-88) + 900/11?
8
Let j(u) = -u**3 - 2*u**2 - 3*u - 1. Let c be j(-2). Suppose -5*n = -r - 20, -c*r - 2*n = -n + 22. Let s(o) = -3*o + 2. What is the tens digit of s(r)?
1
Suppose 5*m + 3*m - 168 = 0. What is the units digit of m?
1
Suppose v - 2*m - 80 = 5*v, -4*m - 55 = 3*v. Let t = -2 - v. What is the tens digit of t?
1
Let f = 7 + -5. Suppose -f*p = -0*p - 42. What is the units digit of p?
1
Suppose 1 + 9 = -5*y. Let x(m) be the third derivative of m**6/120 + m**5/30 + m**3/6 + m**2. What is the units digit of x(y)?
1
Suppose q = 5*s + 19, 0*s + 2*s + 10 = q. Let l be 5 - (-2 - 3/s). What is the units digit of 1/2 + 15/l?
3
Suppose 5*h - 4 = -o + 5, 2*h = 4*o + 8. Suppose x + h - 3 = 0. What is the units digit of x?
1
Let q(y) = y**2 + 2*y + 1. Let n be 3*(-2 - (-5)/3). Let v be q(n). Suppose -3*p + v*p = -15. What is the units digit of p?
5
Suppose x + c - 1 = 0, -4*c - 2 = x - 0*c. Let p be 28/10 - 1/(-5). Suppose 48 = 5*i - p*s + x, 2*s + 36 = 4*i. What is the units digit of i?
8
Let x be (-8)/20*-5 + -47. Let d = x + 76. What is the tens digit of d?
3
Suppose -4*b + 454 = 2*q, 329 = 3*q + 3*b - 361. What is the units digit of q?
3
Let z(y) = -y**3 + 7*y**2 + 1. Let q be z(7). Suppose -3*k + q = 4*c, -2*c + c = k - 1. What is the units digit of k?
3
Suppose -2*p + 8 = -2*t, 5*t - t + 4 = 2*p. What is the units digit of p?
6
Let j(v) = -v**2 + 6*v + 9. Let p(k) = -2*k - 5. Let s be p(-6). Let u be j(s). Suppose -6 = -u*f + 4*y, -f - 3*y = -2*f + 3. What is the units digit of f?
3
Let h(j) = -2*j - 1. Let y be h(-1). Let a(f) = 4 - 5*f - y + 3*f. What is the units digit of a(-4)?
1
Let x(u) = u**2 + 9*u - 1. Let s = -2 - 10. What is the tens digit of x(s)?
3
Let l = -26 - -42. What is the units digit of l?
6
What is the tens digit of -1 - (-1)/1 - (-130 + -21)?
5
Let l(d) = d**2 + 10*d + 10. What is the units digit of l(-11)?
1
Suppose -60 = -2*h + h. What is the tens digit of ((-4)/5)/((-4)/h)?
1
Suppose -6*l = 5*l - 528. What is the tens digit of l?
4
Let t be 2/(-5) + 1924/10. Suppose 3*n - 92 = -2*m, 4*m + 4*n - t = -0*n. Suppose -2*c + 0*c + 2*p + 42 = 0, m = 2*c - 4*p. What is the tens digit of c?
1
Let r(i) = i**3 - 4*i**2 + 5*i - 3. Let k = 10 + -7. Let h be r(k). Suppose -h*g + g = -c + 3, 0 = -2*g + 2. What is the units digit of c?
5
Suppose 125 = 5*q + 4*i + 1, 4*i - 40 = -2*q. What is the units digit of q?
8
Suppose 9 + 15 = 3*c. What is the units digit of c?
8
Let t be (-12)/(-2) - (-1 - -2). Let c be (1 + -2)*(-10)/2. Suppose -t*b - 1 = -2*r + c, r - 3 = -4*b. What is the units digit of r?
3
Suppose 2*n - 63 = -23. What is the tens digit of n?
2
Suppose 3*l = 5 - 2. Suppose l - 17 = -4*n. What is the units digit of n?
4
Let y be 52/14 + (-4)/(-14). Suppose -2 = -y*q + 106. Suppose -2*s + 18 = -2*g, 0*g + g - q = -3*s. What is the units digit of s?
9
Let w be 4/14 - 259/49. Let p = w - 7. Let t = -2 - p. What is the units digit of t?
0
Let s(d) = -4*d. What is the units digit of s(-2)?
8
Suppose 171 - 21 = 6*w. What is the tens digit of w?
2
Let w(f) = -f**2 - 7*f + 3. Let t be w(-6). Suppose -46 = -5*h + t. Suppose 4*z = 37 + h. What is the units digit of z?
2
Suppose 12*m - 132 = 10*m. What is the tens digit of m?
6
Let h be 2*(-18 + 2 + 3). Let s = h + 45. What is the units digit of s/7 + (-8)/(-28)?
3
Let f(z) = -z + 3. Let v = -2 + 2. Let h be f(v). Suppose -8 = -u - 5*x, 0*u + 3*x = 2*u - h. What is the units digit of u?
3
Let y = 846 - 462. What is the units digit of y?
4
Suppose -3*u + 79 = 28. Suppose l = -5*i + 4*l, -l = 4*i - u. Suppose 0 = -2*s - i*s + 5. What is the units digit of s?
1
Let a = 24 - 16. What is the units digit of a?
8
Let u = 167 + -47. What is the tens digit of u?
2
Suppose -3*d + 285 = 3*j, -4*d + 2*j + 221 + 189 = 0. What is the hundreds digit of d?
1
What is the units digit of -4 + (29 - 12/4)?
2
Let i(x) = 3*x. Let k be i(1). Suppose -45 = -4*o - 5*j - 8, -5*o + 74 = -k*j. What is the units digit of o?
3
Let d be ((-4)/6)/(2/(-6)). Let m(k) = -5*k + 7*k**2 - 5*k**2 + 0*k**d + 2. What is the units digit of m(3)?
5
Suppose 28*f - 25*f - 264 = 0. What is the units digit of f?
8
Let x(u) = -u**2 + 9*u - 4. Let q be x(6). Suppose -3*c - q = -5*z - 0*c, 0 = -4*z + 2*c + 10. What is the units digit of z/(-1) - (2 + -4)?
1
Suppose -6*l = -2*l + 2*x - 46, 3*l - 18 = 4*x. What is the units digit of l?
0
Suppose -3 = 3*z - 3*m, 4*z + 3*m = 39 - 15. Let a be z - (1 + 2 - 2). Suppose -3*o + 8 = a*y, -3*y + 2*o + 11 = 7*o. What is the units digit of y?
7
Let i be 6/8*(-16)/(-2). Suppose 0 = 2*p + i. What is the units digit of ((-1)/p)/((-3)/(-54))?
6
Suppose -14*r + 808 = -10*r. What is the hundreds digit of r?
2
Let c(g) = 6*g - 34. What is the tens digit of c(8)?
1
Let x(l) = l**2 + 7*l + 1. Let s be x(-7). Let h = 2 + s. What is the units digit of h?
3
Suppose 2*o = 488 + 50. What is the hundreds digit of o?
2
Let i = 69 - 102. Let s = 104 + -58. Let h = s + i. What is the tens digit of h?
1
Let o = -73 - -120. What is the units digit of o?
7
Let x(k) = 4*k. What is the tens digit of x(9)?
3
What is the units digit of 2/9 + (-2424)/(-27)?
0
Suppose -2*j + 5 = -13. What is the units digit of j?
9
Let d(w) = w**3 - 7*w**2 + 7*w + 10. What is the tens digit of d(7)?
5
Let m = 299 - 177. What is the tens digit of m?
2
Let i(y) = -5*y + 12. What is the units digit of i(-2)?
2
Suppose 0 = -5*j + 2*j + 66. Let y = 27 - j. What is the units digit of y?
5
What is the units digit of 1430/17 - (-2)/(-17)?
4
Suppose -f - 5*i + i = -74, 3*f = 3*i + 207. What is the tens digit of f?
7
Let u(z) = 7*z**3 - z**2 + 4*z - 6. What is the units digit of u(2)?
4
Let v(m) = m**3 + 7*m**2 - 12*m - 8. What is the tens digit of v(-7)?
7
Suppose -59 = -2*a + 31. What is the units digit of a?
5
Let m = -9 + 3. What is the tens digit of m/(-9) + (-98)/(-6)?
1
Let x(w) = 0*w - w + 2*w - 2 - 1. Let l be x(5). What is the tens digit of 18 - 5 - l/2?
1
Suppose 0 = 2*t - j - 64, 4*j + 34 = t + 3*j. What is the tens digit of t?
3
Suppose -4*q = -20 - 0. Let h(z) = z**3 - 6*z**2 + 4*z + 1. Let d be h(q). Let a(m) = -m**2 - 4*m + 1. What is the units digit of a(d)?
1
Let z(i) = -3*i**3 + 10*i**2 + 8*i - 8. Let g(c) = -8*c**3 + 29*c**2 + 23*c - 23. Let f(v) = 4*g(v) - 11*z(v). What is the units digit of f(-5)?
1
Suppose 2*r + 21 + 8 = q, 0 = 4*r + 4*q + 76. Let z = r - -32. What is the units digit of z?
6
Let b(d) = -d**3 - d**2 + d - 14. Let t be 0*(-1 - 3/(-2)). Let w be b(t). Let h = w - -27. What is the tens digit of h?
1
Let a(y) = -y**2 - 11*y + 25. What is the tens digit of a(-11)?
2
Suppose 64 = -4*f + 232. What is the units digit of f?
2
Let w(v) be the second derivative of -v + 0 - 1/2*v**2 - 1/2*v**3. What is the units digit of w(-2)?
5
Suppose 0 = -0*x + 5*x - 10. Suppose -2 = x*p - 36. What is the units digit of p?
7
Suppose -3*k - 192 = -9*k. What is the units digit of k?
2
Suppose -4*b + 37 = 245. What is the units digit of (b + 2)/(2 + -4)?
5
Let v(f) = -3*f**3 - 7*f**2 + 2*f + 6*f**3 - 5*f**3 + 5. Let y be v(-5). Suppose 5*i - y = 5*a, -i - 2*i + 4*a + 46 = 0. What is the tens digit of i?
1
Suppose -x = 3*n + 4, -x - 4 = -4*n - 0. Let y = -2 - x. What is the units digit of y?
2
Let y = 6 + -3. Let q be y/(-3)*(-1 + 1). What is the units digit of 4*(18/8 + q)?
9
Suppose -2*d - x = -49, 0 = 4*x - 3*x - 3. What is the units digit of d?
3
Let j(g) = -3*g - 12. Let f be j(4). What is the units digit of ((-4)/f)/1*6?
1
Let v(c) = -c + 1. Let o(i) = 4*i + 5. Let d(s) = o(s) - v(s). What is the units digit of d(6)?
4
Suppose 0 = -x - 3*x + 104. What is the tens digit of x?
2
Let y(g) = -g**3 + 6*g**2 - 2*g - 2. Let q be y(4). Suppose w = 5*d - 12, -5*d + 21 = -2*d + 4*w. Suppose 0 = -d*t + q - 7. What is the units digit of t?
5
Let n(d) be the third derivative of -d**6/120 + d**5/6 + d**4/8 + d**3/6 + d**2. What is the units digit of n(10)?
1
Let b = -125 + 177. Suppose -l + 18 = -3*t, -4*t + 9*t + 16 = -3*l. Suppose 5*x - 32 = -j - 2*j, -l*j = x - b. What is the units digit of j?
9
Let s be 1 - 1 - (-1 - 0). Suppose -3*z = q + 3 + s, q + 2*z = -3. What is the units dig